{"id":23,"date":"2022-01-01T19:51:31","date_gmt":"2022-01-01T19:51:31","guid":{"rendered":"http:\/\/wien-cz-sk.at\/?page_id=23"},"modified":"2022-05-09T13:01:02","modified_gmt":"2022-05-09T13:01:02","slug":"info","status":"publish","type":"page","link":"https:\/\/wien-cz-sk.at\/de\/info","title":{"rendered":"INFORMATIONEN"},"content":{"rendered":"<p>[et_pb_section fb_built=&#8220;1&#8243; _builder_version=&#8220;4.9.3&#8243; _module_preset=&#8220;default&#8220; background_image=&#8220;http:\/\/wien-cz-sk.at\/wp-content\/uploads\/2022\/01\/background.png&#8220;][et_pb_row _builder_version=&#8220;4.9.3&#8243; _module_preset=&#8220;default&#8220;][et_pb_column type=&#8220;4_4&#8243; _builder_version=&#8220;4.9.3&#8243; _module_preset=&#8220;default&#8220;][et_pb_text _builder_version=&#8220;4.9.3&#8243; _module_preset=&#8220;default&#8220; background_layout=&#8220;dark&#8220;]<\/p>\n<h1 style=\"text-align: center;\"><strong>INFORMATIONEN<\/strong><\/h1>\n<p>[\/et_pb_text][\/et_pb_column][\/et_pb_row][\/et_pb_section][et_pb_section fb_built=&#8220;1&#8243; _builder_version=&#8220;4.9.3&#8243; _module_preset=&#8220;default&#8220;][et_pb_row column_structure=&#8220;1_4,1_4,1_4,1_4&#8243; _builder_version=&#8220;4.9.3&#8243; _module_preset=&#8220;default&#8220; custom_margin=&#8220;-26px|auto||auto||&#8220;][et_pb_column type=&#8220;1_4&#8243; _builder_version=&#8220;4.9.3&#8243; _module_preset=&#8220;default&#8220;][et_pb_button button_url=&#8220;http:\/\/wien-cz-sk.at\/osobnosti&#8220; button_text=&#8220;OSOBNOSTI&#8220; button_alignment=&#8220;center&#8220; _builder_version=&#8220;4.9.3&#8243; _module_preset=&#8220;default&#8220;][\/et_pb_button][\/et_pb_column][et_pb_column type=&#8220;1_4&#8243; _builder_version=&#8220;4.9.3&#8243; _module_preset=&#8220;default&#8220;][et_pb_button button_text=&#8220;HISTORIE&#8220; button_alignment=&#8220;center&#8220; _builder_version=&#8220;4.9.3&#8243; _module_preset=&#8220;default&#8220;][\/et_pb_button][\/et_pb_column][et_pb_column type=&#8220;1_4&#8243; _builder_version=&#8220;4.9.3&#8243; _module_preset=&#8220;default&#8220;][et_pb_button button_url=&#8220;http:\/\/wien-cz-sk.at\/dokumenty&#8220; button_text=&#8220;DOKUMENTY&#8220; button_alignment=&#8220;center&#8220; _builder_version=&#8220;4.9.3&#8243; _module_preset=&#8220;default&#8220;][\/et_pb_button][\/et_pb_column][et_pb_column type=&#8220;1_4&#8243; _builder_version=&#8220;4.9.3&#8243; _module_preset=&#8220;default&#8220;][et_pb_button button_url=&#8220;http:\/\/wien-cz-sk.at\/projekt-digitalizace&#8220; button_text=&#8220;DIGITALIZACE&#8220; button_alignment=&#8220;center&#8220; _builder_version=&#8220;4.9.3&#8243; _module_preset=&#8220;default&#8220;][\/et_pb_button][\/et_pb_column][\/et_pb_row][et_pb_row _builder_version=&#8220;4.9.3&#8243; _module_preset=&#8220;default&#8220;][et_pb_column type=&#8220;4_4&#8243; _builder_version=&#8220;4.9.3&#8243; _module_preset=&#8220;default&#8220;][et_pb_accordion _builder_version=&#8220;4.9.3&#8243; _module_preset=&#8220;default&#8220; hover_enabled=&#8220;0&#8243; sticky_enabled=&#8220;0&#8243;][et_pb_accordion_item title=&#8220;O jubilejn\u00edm roce 2022&#8243; open=&#8220;on&#8220; _builder_version=&#8220;4.9.3&#8243; _module_preset=&#8220;default&#8220; hover_enabled=&#8220;0&#8243; toggle_level=&#8220;h1&#8243; toggle_font=&#8220;|700|||||||&#8220; sticky_enabled=&#8220;0&#8243;]<\/p>\n<p>Das Jahr 2022 wurde zum Jubil\u00e4umsjahr der Wiener TschechInnen und SlowakInnen ausgerufen. Es bildet eine Fortsetzung des 150. Jahrestags des Schulvereins Komensk\u00fd, der in Wien Bildungseinrichtungen mit Schwerpunkt Tschechisch und Slowakisch betreibt. Anl\u00e4sslich des wichtigen Jahrestages erschien eine umfangreiche zweisprachige Publikation \u00fcber die Geschichte des Wiener tschechischen Schulwesens von den Anf\u00e4ngen bis zu den 1950er Jahren. Die gedankliche Fortsetzung bildet das j\u00fcngste <strong>Projekt: Digitalisierung der audiovisuellen Geschichte.<\/strong>Ziel ist es, Foto- und Filmaufnahmen aus Privatarchiven zu sammeln, zu sichten und zu digitalisieren.<\/p>\n<p><img decoding=\"async\" loading=\"lazy\" src=\"http:\/\/wien-cz-sk.at\/wp-content\/uploads\/2022\/01\/fDatovy-zdroj-4-e1642692501158-300x80.png\" width=\"371\" height=\"99\" alt=\"\" class=\"wp-image-307 alignnone size-medium\" style=\"display: block; margin-left: auto; margin-right: auto;\" srcset=\"https:\/\/wien-cz-sk.at\/wp-content\/uploads\/2022\/01\/fDatovy-zdroj-4-e1642692501158-300x80.png 300w, https:\/\/wien-cz-sk.at\/wp-content\/uploads\/2022\/01\/fDatovy-zdroj-4-e1642692501158-18x5.png 18w, https:\/\/wien-cz-sk.at\/wp-content\/uploads\/2022\/01\/fDatovy-zdroj-4-e1642692501158.png 538w\" sizes=\"(max-width: 371px) 100vw, 371px\" \/><\/p>\n<p>Den wichtigsten Bestandteil des Jubil\u00e4umsjahres bilden die zahlreichen Kultur-, Sport-, Kirchen- und Gesellschaftsveranstaltungen. So wie die Farben auf dem Jubil\u00e4umsposter ineinanderflie\u00dfen, sollen einander einzelne Interessensgruppen, die vielleicht an Sport-, Kulturveranstaltungen oder etwa Freizeitaktivit\u00e4ten f\u00fcr Kinder teilnehmen, begegnen. Das Jubil\u00e4umsjahr wird dann als gelungen gelten, wenn 2022 jeder und jede zumindest eine Veranstaltung zum ersten Mal im Leben besucht hat<\/p>\n<p>Durch das Jubil\u00e4umsjahr wollen wir daran erinnern, dass die TschechInnen und SlowakInnen in Wien eine bedeutende Community bilden, die auf eine ereignisreiche Geschichte zur\u00fcckblicken und sich an einer tatkr\u00e4ftigen jungen Generation erfreuen kann.<\/p>\n<p><img decoding=\"async\" loading=\"lazy\" src=\"https:\/\/wien-cz-sk.at\/wp-content\/uploads\/2022\/05\/IMG_1014-300x225.png\" width=\"300\" height=\"225\" alt=\"\" class=\"wp-image-861 alignnone size-medium\" style=\"display: block; margin-left: auto; margin-right: auto;\" \/><\/p>\n<p><em>Bilder: Zum ersten Mal in der Geschichte erschienen die drei tschechischen und eine slowakische Wiener Zeitung mit der gleichen Titelseite<\/em><\/p>\n<p>[\/et_pb_accordion_item][et_pb_accordion_item title=&#8220;O \u0160kolsk\u00e9m spolku Komensk\u00fd&#8220; _builder_version=&#8220;4.9.3&#8243; _module_preset=&#8220;default&#8220; toggle_font=&#8220;|700|||||||&#8220; open=&#8220;off&#8220;]<\/p>\n<div class=\"wnd-align-justify\">Der Schulverein Komensk\u00fd ist seit 1872 eine tragende S\u00e4ule des tschechischen Lebens in Wien.<\/div>\n<div class=\"wnd-align-justify\">Seit vielen Jahrzehnten bieten die Komensk\u00fd-Schulen den in Wien lebenden Kindern Unterricht nicht nur in tschechischer, sondern seit 2004 auch in slowakischer Sprache an.  Zehntausende Sch\u00fclerInnen schlossen die Komensk\u00fd-Schulen ab, Tausende LehrerInnen und ErzieherInnen waren und sind hier t\u00e4tig. Der Sinn unserer Bem\u00fchungen besteht darin, den wertvollen Schatz der Sprache an die kommenden Generationen weiterzugeben.<\/div>\n<div class=\"wnd-align-justify\"><img decoding=\"async\" loading=\"lazy\" src=\"http:\/\/wien-cz-sk.at\/wp-content\/uploads\/2022\/01\/cropped-logo_150let_nove2022-300x137.png\" width=\"300\" height=\"137\" alt=\"\" class=\"wp-image-13 alignnone size-medium\" style=\"display: block; margin-left: auto; margin-right: auto;\" srcset=\"https:\/\/wien-cz-sk.at\/wp-content\/uploads\/2022\/01\/cropped-logo_150let_nove2022-300x137.png 300w, https:\/\/wien-cz-sk.at\/wp-content\/uploads\/2022\/01\/cropped-logo_150let_nove2022-517x235.png 517w, https:\/\/wien-cz-sk.at\/wp-content\/uploads\/2022\/01\/cropped-logo_150let_nove2022.png 671w\" sizes=\"(max-width: 300px) 100vw, 300px\" \/><\/div>\n<p>[\/et_pb_accordion_item][\/et_pb_accordion][\/et_pb_column][\/et_pb_row][\/et_pb_section]<\/p>","protected":false},"excerpt":{"rendered":"<p>[et_pb_section fb_built=&#8220;1&#8243; _builder_version=&#8220;4.9.3&#8243; _module_preset=&#8220;default&#8220; background_image=&#8220;http:\/\/wien-cz-sk.at\/wp-content\/uploads\/2022\/01\/background.png&#8220;][et_pb_row _builder_version=&#8220;4.9.3&#8243; _module_preset=&#8220;default&#8220;][et_pb_column type=&#8220;4_4&#8243; _builder_version=&#8220;4.9.3&#8243; _module_preset=&#8220;default&#8220;][et_pb_text _builder_version=&#8220;4.9.3&#8243; _module_preset=&#8220;default&#8220; background_layout=&#8220;dark&#8220;] INFORMACE [\/et_pb_text][\/et_pb_column][\/et_pb_row][\/et_pb_section][et_pb_section fb_built=&#8220;1&#8243; _builder_version=&#8220;4.9.3&#8243; _module_preset=&#8220;default&#8220;][et_pb_row column_structure=&#8220;1_4,1_4,1_4,1_4&#8243; _builder_version=&#8220;4.9.3&#8243; _module_preset=&#8220;default&#8220; custom_margin=&#8220;-26px|auto||auto||&#8220;][et_pb_column type=&#8220;1_4&#8243; _builder_version=&#8220;4.9.3&#8243; _module_preset=&#8220;default&#8220;][et_pb_button button_url=&#8220;http:\/\/wien-cz-sk.at\/osobnosti&#8220; button_text=&#8220;OSOBNOSTI&#8220; button_alignment=&#8220;center&#8220; _builder_version=&#8220;4.9.3&#8243; _module_preset=&#8220;default&#8220;][\/et_pb_button][\/et_pb_column][et_pb_column [&hellip;]<\/p>","protected":false},"author":1,"featured_media":0,"parent":0,"menu_order":0,"comment_status":"closed","ping_status":"closed","template":"","meta":{"_et_pb_use_builder":"on","_et_pb_old_content":"","_et_gb_content_width":"","om_disable_all_campaigns":false,"_mi_skip_tracking":false},"aioseo_notices":[],"_links":{"self":[{"href":"https:\/\/wien-cz-sk.at\/de\/wp-json\/wp\/v2\/pages\/23"}],"collection":[{"href":"https:\/\/wien-cz-sk.at\/de\/wp-json\/wp\/v2\/pages"}],"about":[{"href":"https:\/\/wien-cz-sk.at\/de\/wp-json\/wp\/v2\/types\/page"}],"author":[{"embeddable":true,"href":"https:\/\/wien-cz-sk.at\/de\/wp-json\/wp\/v2\/users\/1"}],"replies":[{"embeddable":true,"href":"https:\/\/wien-cz-sk.at\/de\/wp-json\/wp\/v2\/comments?post=23"}],"version-history":[{"count":17,"href":"https:\/\/wien-cz-sk.at\/de\/wp-json\/wp\/v2\/pages\/23\/revisions"}],"predecessor-version":[{"id":862,"href":"https:\/\/wien-cz-sk.at\/de\/wp-json\/wp\/v2\/pages\/23\/revisions\/862"}],"wp:attachment":[{"href":"https:\/\/wien-cz-sk.at\/de\/wp-json\/wp\/v2\/media?parent=23"}],"curies":[{"name":"wp","href":"https:\/\/api.w.org\/{rel}","templated":true}]}}

<p>[et_pb_section fb_built=&#8220;1&#8243; _builder_version=&#8220;4.9.3&#8243; _module_preset=&#8220;default&#8220; background_image=&#8220;http://wien-cz-sk.at/wp-content/uploads/2022/01/background.png&#8220;][et_pb_row _builder_version=&#8220;4.9.3&#8243; _module_preset=&#8220;default&#8220;][et_pb_column type=&#8220;4_4&#8243; _builder_version=&#8220;4.9.3&#8243; _module_preset=&#8220;default&#8220;][et_pb_text _builder_version=&#8220;4.9.3&#8243; _module_preset=&#8220;default&#8220; background_layout=&#8220;dark&#8220;]</p>
<h1 style="text-align: center;"><strong>INFORMATIONEN</strong></h1>
<p>[/et_pb_text][/et_pb_column][/et_pb_row][/et_pb_section][et_pb_section fb_built=&#8220;1&#8243; _builder_version=&#8220;4.9.3&#8243; _module_preset=&#8220;default&#8220;][et_pb_row column_structure=&#8220;1_4,1_4,1_4,1_4&#8243; _builder_version=&#8220;4.9.3&#8243; _module_preset=&#8220;default&#8220; custom_margin=&#8220;-26px|auto||auto||&#8220;][et_pb_column type=&#8220;1_4&#8243; _builder_version=&#8220;4.9.3&#8243; _module_preset=&#8220;default&#8220;][et_pb_button button_url=&#8220;http://wien-cz-sk.at/osobnosti&#8220; button_text=&#8220;OSOBNOSTI&#8220; button_alignment=&#8220;center&#8220; _builder_version=&#8220;4.9.3&#8243; _module_preset=&#8220;default&#8220;][/et_pb_button][/et_pb_column][et_pb_column type=&#8220;1_4&#8243; _builder_version=&#8220;4.9.3&#8243; _module_preset=&#8220;default&#8220;][et_pb_button button_text=&#8220;HISTORIE&#8220; button_alignment=&#8220;center&#8220; _builder_version=&#8220;4.9.3&#8243; _module_preset=&#8220;default&#8220;][/et_pb_button][/et_pb_column][et_pb_column type=&#8220;1_4&#8243; _builder_version=&#8220;4.9.3&#8243; _module_preset=&#8220;default&#8220;][et_pb_button button_url=&#8220;http://wien-cz-sk.at/dokumenty&#8220; button_text=&#8220;DOKUMENTY&#8220; button_alignment=&#8220;center&#8220; _builder_version=&#8220;4.9.3&#8243; _module_preset=&#8220;default&#8220;][/et_pb_button][/et_pb_column][et_pb_column type=&#8220;1_4&#8243; _builder_version=&#8220;4.9.3&#8243; _module_preset=&#8220;default&#8220;][et_pb_button button_url=&#8220;http://wien-cz-sk.at/projekt-digitalizace&#8220; button_text=&#8220;DIGITALIZACE&#8220; button_alignment=&#8220;center&#8220; _builder_version=&#8220;4.9.3&#8243; _module_preset=&#8220;default&#8220;][/et_pb_button][/et_pb_column][/et_pb_row][et_pb_row _builder_version=&#8220;4.9.3&#8243; _module_preset=&#8220;default&#8220;][et_pb_column type=&#8220;4_4&#8243; _builder_version=&#8220;4.9.3&#8243; _module_preset=&#8220;default&#8220;][et_pb_accordion _builder_version=&#8220;4.9.3&#8243; _module_preset=&#8220;default&#8220; hover_enabled=&#8220;0&#8243; sticky_enabled=&#8220;0&#8243;][et_pb_accordion_item title=&#8220;O jubilejním roce 2022&#8243; open=&#8220;on&#8220; _builder_version=&#8220;4.9.3&#8243; _module_preset=&#8220;default&#8220; hover_enabled=&#8220;0&#8243; toggle_level=&#8220;h1&#8243; toggle_font=&#8220;|700|||||||&#8220; sticky_enabled=&#8220;0&#8243;]</p>
<p>Das Jahr 2022 wurde zum Jubiläumsjahr der Wiener TschechInnen und SlowakInnen ausgerufen. Es bildet eine Fortsetzung des 150. Jahrestags des Schulvereins Komenský, der in Wien Bildungseinrichtungen mit Schwerpunkt Tschechisch und Slowakisch betreibt. Anlässlich des wichtigen Jahrestages erschien eine umfangreiche zweisprachige Publikation über die Geschichte des Wiener tschechischen Schulwesens von den Anfängen bis zu den 1950er Jahren. Die gedankliche Fortsetzung bildet das jüngste <strong>Projekt: Digitalisierung der audiovisuellen Geschichte.</strong>Ziel ist es, Foto- und Filmaufnahmen aus Privatarchiven zu sammeln, zu sichten und zu digitalisieren.</p>
<p><img decoding="async" loading="lazy" src="http://wien-cz-sk.at/wp-content/uploads/2022/01/fDatovy-zdroj-4-e1642692501158-300x80.png" width="371" height="99" alt="" class="wp-image-307 alignnone size-medium" style="display: block; margin-left: auto; margin-right: auto;" srcset="https://wien-cz-sk.at/wp-content/uploads/2022/01/fDatovy-zdroj-4-e1642692501158-300x80.png 300w, https://wien-cz-sk.at/wp-content/uploads/2022/01/fDatovy-zdroj-4-e1642692501158-18x5.png 18w, https://wien-cz-sk.at/wp-content/uploads/2022/01/fDatovy-zdroj-4-e1642692501158.png 538w" sizes="(max-width: 371px) 100vw, 371px" /></p>
<p>Den wichtigsten Bestandteil des Jubiläumsjahres bilden die zahlreichen Kultur-, Sport-, Kirchen- und Gesellschaftsveranstaltungen. So wie die Farben auf dem Jubiläumsposter ineinanderfließen, sollen einander einzelne Interessensgruppen, die vielleicht an Sport-, Kulturveranstaltungen oder etwa Freizeitaktivitäten für Kinder teilnehmen, begegnen. Das Jubiläumsjahr wird dann als gelungen gelten, wenn 2022 jeder und jede zumindest eine Veranstaltung zum ersten Mal im Leben besucht hat</p>
<p>Durch das Jubiläumsjahr wollen wir daran erinnern, dass die TschechInnen und SlowakInnen in Wien eine bedeutende Community bilden, die auf eine ereignisreiche Geschichte zurückblicken und sich an einer tatkräftigen jungen Generation erfreuen kann.</p>
<p><img decoding="async" loading="lazy" src="https://wien-cz-sk.at/wp-content/uploads/2022/05/IMG_1014-300x225.png" width="300" height="225" alt="" class="wp-image-861 alignnone size-medium" style="display: block; margin-left: auto; margin-right: auto;" /></p>
<p><em>Bilder: Zum ersten Mal in der Geschichte erschienen die drei tschechischen und eine slowakische Wiener Zeitung mit der gleichen Titelseite</em></p>
<p>[/et_pb_accordion_item][et_pb_accordion_item title=&#8220;O Školském spolku Komenský&#8220; _builder_version=&#8220;4.9.3&#8243; _module_preset=&#8220;default&#8220; toggle_font=&#8220;|700|||||||&#8220; open=&#8220;off&#8220;]</p>
<div class="wnd-align-justify">Der Schulverein Komenský ist seit 1872 eine tragende Säule des tschechischen Lebens in Wien.</div>
<div class="wnd-align-justify">Seit vielen Jahrzehnten bieten die Komenský-Schulen den in Wien lebenden Kindern Unterricht nicht nur in tschechischer, sondern seit 2004 auch in slowakischer Sprache an.  Zehntausende SchülerInnen schlossen die Komenský-Schulen ab, Tausende LehrerInnen und ErzieherInnen waren und sind hier tätig. Der Sinn unserer Bemühungen besteht darin, den wertvollen Schatz der Sprache an die kommenden Generationen weiterzugeben.</div>
<div class="wnd-align-justify"><img decoding="async" loading="lazy" src="http://wien-cz-sk.at/wp-content/uploads/2022/01/cropped-logo_150let_nove2022-300x137.png" width="300" height="137" alt="" class="wp-image-13 alignnone size-medium" style="display: block; margin-left: auto; margin-right: auto;" srcset="https://wien-cz-sk.at/wp-content/uploads/2022/01/cropped-logo_150let_nove2022-300x137.png 300w, https://wien-cz-sk.at/wp-content/uploads/2022/01/cropped-logo_150let_nove2022-517x235.png 517w, https://wien-cz-sk.at/wp-content/uploads/2022/01/cropped-logo_150let_nove2022.png 671w" sizes="(max-width: 300px) 100vw, 300px" /></div>
<p>[/et_pb_accordion_item][/et_pb_accordion][/et_pb_column][/et_pb_row][/et_pb_section]</p>
