{"id":893,"date":"2022-05-24T13:49:42","date_gmt":"2022-05-24T13:49:42","guid":{"rendered":"https:\/\/wien-cz-sk.at\/?page_id=893"},"modified":"2022-05-25T15:02:07","modified_gmt":"2022-05-25T15:02:07","slug":"koncert-solistu-statni-opery-banska-bystrica","status":"publish","type":"page","link":"https:\/\/wien-cz-sk.at\/sk\/koncert-solistu-statni-opery-banska-bystrica","title":{"rendered":"Koncert s\u00f3listov \u0160t\u00e1tnej opery Bansk\u00e1 Bystrica"},"content":{"rendered":"<p>[et_pb_section fb_built=&#8220;1&#8243; _builder_version=&#8220;4.9.3&#8243; _module_preset=&#8220;default&#8220; background_image=&#8220;http:\/\/wien-cz-sk.at\/wp-content\/uploads\/2022\/01\/background.png&#8220; custom_padding=&#8220;||0px|||&#8220;][et_pb_row _builder_version=&#8220;4.9.3&#8243; _module_preset=&#8220;default&#8220; custom_padding=&#8220;0px|||||&#8220;][et_pb_column type=&#8220;4_4&#8243; _builder_version=&#8220;4.9.3&#8243; _module_preset=&#8220;default&#8220;][et_pb_text _builder_version=&#8220;4.9.3&#8243; _module_preset=&#8220;default&#8220; background_layout=&#8220;dark&#8220;]<\/p>\n<h1 style=\"text-align: center;\"><strong>KONCERT S\u00d3LISTOV \u0160T\u00c1TNEJ OPERY BANSK\u00c1 BYSTRICA\u00a0<\/strong><\/h1>\n<p>[\/et_pb_text][\/et_pb_column][\/et_pb_row][et_pb_row _builder_version=&#8220;4.9.3&#8243; _module_preset=&#8220;default&#8220;][et_pb_column type=&#8220;4_4&#8243; _builder_version=&#8220;4.9.3&#8243; _module_preset=&#8220;default&#8220;][et_pb_text _builder_version=&#8220;4.9.3&#8243; _module_preset=&#8220;default&#8220; background_layout=&#8220;dark&#8220;]<\/p>\n<h3 style=\"text-align: center;\"><strong>13. j\u00fana 2022\u00a0<\/strong><\/h3>\n<p>[\/et_pb_text][\/et_pb_column][\/et_pb_row][\/et_pb_section][et_pb_section fb_built=&#8220;1&#8243; _builder_version=&#8220;4.9.3&#8243; _module_preset=&#8220;default&#8220; custom_padding=&#8220;25px|||||&#8220;][et_pb_row _builder_version=&#8220;4.9.3&#8243; _module_preset=&#8220;default&#8220; custom_padding=&#8220;0px|||||&#8220;][et_pb_column type=&#8220;4_4&#8243; _builder_version=&#8220;4.9.3&#8243; _module_preset=&#8220;default&#8220;][et_pb_text _builder_version=&#8220;4.9.3&#8243; _module_preset=&#8220;default&#8220;]<\/p>\n<h3 style=\"text-align: center;\"><strong>Usporiadate\u013e<\/strong><\/h3>\n<h5 style=\"text-align: center;\"><strong><\/strong><span>Rak\u00fasko-slovensk\u00fd kult\u00farny spolok<\/span><\/h5>\n<p>[\/et_pb_text][\/et_pb_column][\/et_pb_row][et_pb_row column_structure=&#8220;1_3,2_3&#8243; _builder_version=&#8220;4.9.3&#8243; _module_preset=&#8220;default&#8220; width=&#8220;78.9%&#8220; custom_margin=&#8220;-24px|auto||auto||&#8220;][et_pb_column type=&#8220;1_3&#8243; _builder_version=&#8220;4.9.3&#8243; _module_preset=&#8220;default&#8220;][et_pb_text _builder_version=&#8220;4.9.3&#8243; _module_preset=&#8220;default&#8220; hover_enabled=&#8220;0&#8243; sticky_enabled=&#8220;0&#8243;]<\/p>\n<h3 class=\"wnd-align-right\" id=\"wnd_TextBlock_483074_inner_0\" data-wnd_is_separable=\"1\" data-wnd_separable_index=\"0\" data-wnd_separable_id=\"wnd_TextBlock_483074\"><strong>MIESTO KONANIA<\/strong><\/h3>\n<div class=\"wnd-align-right\"><span>Rak\u00fasko-slovensk\u00fd kult\u00farny spolek, Otto Bauer Gasse 23\/11, 1060 Wien<\/span><\/div>\n<h3 class=\"wnd-align-right\" id=\"wnd_TextBlock_483074_inner_2\" data-wnd_is_separable=\"1\" data-wnd_separable_index=\"2\" data-wnd_separable_id=\"wnd_TextBlock_483074\"><span class=\"wnd-font-size-70\"><strong>D\u00c1TUM<\/strong><\/span><\/h3>\n<p class=\"wnd-align-right\" id=\"wnd_TextBlock_483074_inner_3\" data-wnd_is_separable=\"1\" data-wnd_separable_index=\"3\" data-wnd_separable_id=\"wnd_TextBlock_483074\">13. 06. 2022<\/p>\n<h3 class=\"wnd-align-right\" id=\"wnd_TextBlock_483074_inner_4\" data-wnd_is_separable=\"1\" data-wnd_separable_index=\"4\" data-wnd_separable_id=\"wnd_TextBlock_483074\"><span><strong>ZA\u010cIATOK\u00a0<\/strong><\/span><\/h3>\n<p class=\"wnd-align-right\" id=\"wnd_TextBlock_483074_inner_5\" data-wnd_is_separable=\"1\" data-wnd_separable_index=\"5\" data-wnd_separable_id=\"wnd_TextBlock_483074\">19:00 hod<\/p>\n<h3 class=\"wnd-align-right\" data-wnd_is_separable=\"1\" data-wnd_separable_index=\"11\" data-wnd_separable_id=\"wnd_TextBlock_483074\"><strong>PARTNERI<\/strong><\/h3>\n<p><img decoding=\"async\" loading=\"lazy\" src=\"https:\/\/wien-cz-sk.at\/wp-content\/uploads\/2022\/02\/rsks-300x181.png\" width=\"239\" height=\"144\" alt=\"\" class=\"wp-image-501 alignnone size-medium\" srcset=\"https:\/\/wien-cz-sk.at\/wp-content\/uploads\/2022\/02\/rsks-300x181.png 300w, https:\/\/wien-cz-sk.at\/wp-content\/uploads\/2022\/02\/rsks-18x12.png 18w, https:\/\/wien-cz-sk.at\/wp-content\/uploads\/2022\/02\/rsks.png 452w\" sizes=\"(max-width: 239px) 100vw, 239px\" \/><\/p>\n<p>[\/et_pb_text][\/et_pb_column][et_pb_column type=&#8220;2_3&#8243; _builder_version=&#8220;4.9.3&#8243; _module_preset=&#8220;default&#8220;][et_pb_image src=&#8220;https:\/\/wien-cz-sk.at\/wp-content\/uploads\/2022\/01\/kulturni_spolek.png&#8220; title_text=&#8220;kulturni_spolek&#8220; align=&#8220;center&#8220; _builder_version=&#8220;4.9.3&#8243; _module_preset=&#8220;default&#8220;][\/et_pb_image][et_pb_text _builder_version=&#8220;4.9.3&#8243; _module_preset=&#8220;default&#8220; custom_margin=&#8220;-4px|||||&#8220; hover_enabled=&#8220;0&#8243; sticky_enabled=&#8220;0&#8243;]<\/p>\n<h3 id=\"wnd_TextBlock_26143_inner_0\" data-wnd_is_separable=\"1\" data-wnd_separable_index=\"0\" data-wnd_separable_id=\"wnd_TextBlock_26143\"><strong>INFORM\u00c1CIE<\/strong><\/h3>\n<ul><\/ul>\n<div>\n<div dir=\"auto\">\n<p><strong><em>Koncert s\u00f3listov \u0160t\u00e1tnej opery Bansk\u00e1 Bystrica<\/em><\/strong><\/p>\n<p>\u00da\u010dinkuj\u00fa:<\/p>\n<p>Patr\u00edcia Malovec &#8211; sopr\u00e1n<\/p>\n<p>Kate\u0159ina Proch\u00e1zkov\u00e1 &#8211; sopr\u00e1n<\/p>\n<p>Du\u0161an \u0160imo &#8211; tenor<\/p>\n<p>\u0160imon Svitek \u2013 baryt\u00f3n<\/p>\n<p>Martina Svitkov\u00e1 \u2013 klav\u00edrny doprovod<\/p>\n<p>&nbsp;<\/p>\n<p>Na programe bud\u00fa diela z tvorby skladate\u013eov:<\/p>\n<p>M. Schneider-Trnavsk\u00fd, A. Dvo\u0159\u00e1k, B. Smetana, G. Dus\u00edk, A. Catalani, G. Puccini,<\/p>\n<p>R. Lenocavallo, F. Leh\u00e1r, E. K\u00e1lm\u00e1n, , D. Foster, G. Rossini<\/p>\n<p>&nbsp;<\/p>\n<p>Koncert je organizovan\u00fd v r\u00e1mci podujat\u00ed k Jubilejn\u00e9mu roku viedensk\u00fdch \u010cechov a Slov\u00e1kov. Na programe bud\u00fa mel\u00f3die z operno-operetn\u00e9ho a muzik\u00e1lov\u00e9ho reperto\u00e1ru, v ktorom bude zahrnut\u00e1 slovensk\u00e1 aj \u010desk\u00e1 hudobn\u00e1 literat\u00fara.<\/p>\n<p>&nbsp;<\/p>\n<p>Trvanie cca. 90 min\u00fat<\/p>\n<p>&nbsp;<\/p>\n<p>Miesto konania: Rak\u00fasko-slovensk\u00fd kult\u00farny spolok, Otto Bauer Gasse 23\/11, 1060 Wien<\/p>\n<p>Vstupn\u00e9: dobrovo\u013en\u00fd pr\u00edspevok<\/p>\n<p>&nbsp;<\/p>\n<p>Organiz\u00e1tor: Rak\u00fasko-slovensk\u00fd kult\u00farny spolok<\/p>\n<\/div>\n<\/div>\n<p>[\/et_pb_text][\/et_pb_column][\/et_pb_row][et_pb_row _builder_version=&#8220;4.9.3&#8243; _module_preset=&#8220;default&#8220;][et_pb_column type=&#8220;4_4&#8243; _builder_version=&#8220;4.9.3&#8243; _module_preset=&#8220;default&#8220;][et_pb_text _builder_version=&#8220;4.9.3&#8243; _module_preset=&#8220;default&#8220;]<\/p>\n<h3><strong>FOTOGAL\u00c9RIA<\/strong><\/h3>\n<p>[\/et_pb_text][\/et_pb_column][\/et_pb_row][\/et_pb_section]<\/p>","protected":false},"excerpt":{"rendered":"<p>[et_pb_section fb_built=&#8220;1&#8243; _builder_version=&#8220;4.9.3&#8243; _module_preset=&#8220;default&#8220; background_image=&#8220;http:\/\/wien-cz-sk.at\/wp-content\/uploads\/2022\/01\/background.png&#8220; custom_padding=&#8220;||0px|||&#8220;][et_pb_row _builder_version=&#8220;4.9.3&#8243; _module_preset=&#8220;default&#8220; custom_padding=&#8220;0px|||||&#8220;][et_pb_column type=&#8220;4_4&#8243; _builder_version=&#8220;4.9.3&#8243; _module_preset=&#8220;default&#8220;][et_pb_text _builder_version=&#8220;4.9.3&#8243; _module_preset=&#8220;default&#8220; background_layout=&#8220;dark&#8220;] KONCERT S\u00d3LIST\u016e ST\u00c1TN\u00cd OPERY BANSK\u00c1 BYSTRICA\u00a0 [\/et_pb_text][\/et_pb_column][\/et_pb_row][et_pb_row _builder_version=&#8220;4.9.3&#8243; _module_preset=&#8220;default&#8220;][et_pb_column type=&#8220;4_4&#8243; _builder_version=&#8220;4.9.3&#8243; _module_preset=&#8220;default&#8220;][et_pb_text _builder_version=&#8220;4.9.3&#8243; _module_preset=&#8220;default&#8220; background_layout=&#8220;dark&#8220;] [&hellip;]<\/p>","protected":false},"author":1,"featured_media":0,"parent":0,"menu_order":0,"comment_status":"closed","ping_status":"closed","template":"","meta":{"_et_pb_use_builder":"on","_et_pb_old_content":"","_et_gb_content_width":"","om_disable_all_campaigns":false,"_mi_skip_tracking":false},"aioseo_notices":[],"_links":{"self":[{"href":"https:\/\/wien-cz-sk.at\/sk\/wp-json\/wp\/v2\/pages\/893"}],"collection":[{"href":"https:\/\/wien-cz-sk.at\/sk\/wp-json\/wp\/v2\/pages"}],"about":[{"href":"https:\/\/wien-cz-sk.at\/sk\/wp-json\/wp\/v2\/types\/page"}],"author":[{"embeddable":true,"href":"https:\/\/wien-cz-sk.at\/sk\/wp-json\/wp\/v2\/users\/1"}],"replies":[{"embeddable":true,"href":"https:\/\/wien-cz-sk.at\/sk\/wp-json\/wp\/v2\/comments?post=893"}],"version-history":[{"count":7,"href":"https:\/\/wien-cz-sk.at\/sk\/wp-json\/wp\/v2\/pages\/893\/revisions"}],"predecessor-version":[{"id":903,"href":"https:\/\/wien-cz-sk.at\/sk\/wp-json\/wp\/v2\/pages\/893\/revisions\/903"}],"wp:attachment":[{"href":"https:\/\/wien-cz-sk.at\/sk\/wp-json\/wp\/v2\/media?parent=893"}],"curies":[{"name":"wp","href":"https:\/\/api.w.org\/{rel}","templated":true}]}}

Koncert sólistov Štátnej opery Banská Bystrica

<p>[et_pb_section fb_built=&#8220;1&#8243; _builder_version=&#8220;4.9.3&#8243; _module_preset=&#8220;default&#8220; background_image=&#8220;http://wien-cz-sk.at/wp-content/uploads/2022/01/background.png&#8220; custom_padding=&#8220;||0px|||&#8220;][et_pb_row _builder_version=&#8220;4.9.3&#8243; _module_preset=&#8220;default&#8220; custom_padding=&#8220;0px|||||&#8220;][et_pb_column type=&#8220;4_4&#8243; _builder_version=&#8220;4.9.3&#8243; _module_preset=&#8220;default&#8220;][et_pb_text _builder_version=&#8220;4.9.3&#8243; _module_preset=&#8220;default&#8220; background_layout=&#8220;dark&#8220;]</p>
<h1 style="text-align: center;"><strong>KONCERT SÓLISTOV ŠTÁTNEJ OPERY BANSKÁ BYSTRICA </strong></h1>
<p>[/et_pb_text][/et_pb_column][/et_pb_row][et_pb_row _builder_version=&#8220;4.9.3&#8243; _module_preset=&#8220;default&#8220;][et_pb_column type=&#8220;4_4&#8243; _builder_version=&#8220;4.9.3&#8243; _module_preset=&#8220;default&#8220;][et_pb_text _builder_version=&#8220;4.9.3&#8243; _module_preset=&#8220;default&#8220; background_layout=&#8220;dark&#8220;]</p>
<h3 style="text-align: center;"><strong>13. júna 2022 </strong></h3>
<p>[/et_pb_text][/et_pb_column][/et_pb_row][/et_pb_section][et_pb_section fb_built=&#8220;1&#8243; _builder_version=&#8220;4.9.3&#8243; _module_preset=&#8220;default&#8220; custom_padding=&#8220;25px|||||&#8220;][et_pb_row _builder_version=&#8220;4.9.3&#8243; _module_preset=&#8220;default&#8220; custom_padding=&#8220;0px|||||&#8220;][et_pb_column type=&#8220;4_4&#8243; _builder_version=&#8220;4.9.3&#8243; _module_preset=&#8220;default&#8220;][et_pb_text _builder_version=&#8220;4.9.3&#8243; _module_preset=&#8220;default&#8220;]</p>
<h3 style="text-align: center;"><strong>Usporiadateľ</strong></h3>
<h5 style="text-align: center;"><strong></strong><span>Rakúsko-slovenský kultúrny spolok</span></h5>
<p>[/et_pb_text][/et_pb_column][/et_pb_row][et_pb_row column_structure=&#8220;1_3,2_3&#8243; _builder_version=&#8220;4.9.3&#8243; _module_preset=&#8220;default&#8220; width=&#8220;78.9%&#8220; custom_margin=&#8220;-24px|auto||auto||&#8220;][et_pb_column type=&#8220;1_3&#8243; _builder_version=&#8220;4.9.3&#8243; _module_preset=&#8220;default&#8220;][et_pb_text _builder_version=&#8220;4.9.3&#8243; _module_preset=&#8220;default&#8220; hover_enabled=&#8220;0&#8243; sticky_enabled=&#8220;0&#8243;]</p>
<h3 class="wnd-align-right" id="wnd_TextBlock_483074_inner_0" data-wnd_is_separable="1" data-wnd_separable_index="0" data-wnd_separable_id="wnd_TextBlock_483074"><strong>MIESTO KONANIA</strong></h3>
<div class="wnd-align-right"><span>Rakúsko-slovenský kultúrny spolek, Otto Bauer Gasse 23/11, 1060 Wien</span></div>
<h3 class="wnd-align-right" id="wnd_TextBlock_483074_inner_2" data-wnd_is_separable="1" data-wnd_separable_index="2" data-wnd_separable_id="wnd_TextBlock_483074"><span class="wnd-font-size-70"><strong>DÁTUM</strong></span></h3>
<p class="wnd-align-right" id="wnd_TextBlock_483074_inner_3" data-wnd_is_separable="1" data-wnd_separable_index="3" data-wnd_separable_id="wnd_TextBlock_483074">13. 06. 2022</p>
<h3 class="wnd-align-right" id="wnd_TextBlock_483074_inner_4" data-wnd_is_separable="1" data-wnd_separable_index="4" data-wnd_separable_id="wnd_TextBlock_483074"><span><strong>ZAČIATOK </strong></span></h3>
<p class="wnd-align-right" id="wnd_TextBlock_483074_inner_5" data-wnd_is_separable="1" data-wnd_separable_index="5" data-wnd_separable_id="wnd_TextBlock_483074">19:00 hod</p>
<h3 class="wnd-align-right" data-wnd_is_separable="1" data-wnd_separable_index="11" data-wnd_separable_id="wnd_TextBlock_483074"><strong>PARTNERI</strong></h3>
<p><img decoding="async" loading="lazy" src="https://wien-cz-sk.at/wp-content/uploads/2022/02/rsks-300x181.png" width="239" height="144" alt="" class="wp-image-501 alignnone size-medium" srcset="https://wien-cz-sk.at/wp-content/uploads/2022/02/rsks-300x181.png 300w, https://wien-cz-sk.at/wp-content/uploads/2022/02/rsks-18x12.png 18w, https://wien-cz-sk.at/wp-content/uploads/2022/02/rsks.png 452w" sizes="(max-width: 239px) 100vw, 239px" /></p>
<p>[/et_pb_text][/et_pb_column][et_pb_column type=&#8220;2_3&#8243; _builder_version=&#8220;4.9.3&#8243; _module_preset=&#8220;default&#8220;][et_pb_image src=&#8220;https://wien-cz-sk.at/wp-content/uploads/2022/01/kulturni_spolek.png&#8220; title_text=&#8220;kulturni_spolek&#8220; align=&#8220;center&#8220; _builder_version=&#8220;4.9.3&#8243; _module_preset=&#8220;default&#8220;][/et_pb_image][et_pb_text _builder_version=&#8220;4.9.3&#8243; _module_preset=&#8220;default&#8220; custom_margin=&#8220;-4px|||||&#8220; hover_enabled=&#8220;0&#8243; sticky_enabled=&#8220;0&#8243;]</p>
<h3 id="wnd_TextBlock_26143_inner_0" data-wnd_is_separable="1" data-wnd_separable_index="0" data-wnd_separable_id="wnd_TextBlock_26143"><strong>INFORMÁCIE</strong></h3>
<ul></ul>
<div>
<div dir="auto">
<p><strong><em>Koncert sólistov Štátnej opery Banská Bystrica</em></strong></p>
<p>Účinkujú:</p>
<p>Patrícia Malovec &#8211; soprán</p>
<p>Kateřina Procházková &#8211; soprán</p>
<p>Dušan Šimo &#8211; tenor</p>
<p>Šimon Svitek – barytón</p>
<p>Martina Svitková – klavírny doprovod</p>
<p>&nbsp;</p>
<p>Na programe budú diela z tvorby skladateľov:</p>
<p>M. Schneider-Trnavský, A. Dvořák, B. Smetana, G. Dusík, A. Catalani, G. Puccini,</p>
<p>R. Lenocavallo, F. Lehár, E. Kálmán, , D. Foster, G. Rossini</p>
<p>&nbsp;</p>
<p>Koncert je organizovaný v rámci podujatí k Jubilejnému roku viedenských Čechov a Slovákov. Na programe budú melódie z operno-operetného a muzikálového repertoáru, v ktorom bude zahrnutá slovenská aj česká hudobná literatúra.</p>
<p>&nbsp;</p>
<p>Trvanie cca. 90 minút</p>
<p>&nbsp;</p>
<p>Miesto konania: Rakúsko-slovenský kultúrny spolok, Otto Bauer Gasse 23/11, 1060 Wien</p>
<p>Vstupné: dobrovoľný príspevok</p>
<p>&nbsp;</p>
<p>Organizátor: Rakúsko-slovenský kultúrny spolok</p>
</div>
</div>
<p>[/et_pb_text][/et_pb_column][/et_pb_row][et_pb_row _builder_version=&#8220;4.9.3&#8243; _module_preset=&#8220;default&#8220;][et_pb_column type=&#8220;4_4&#8243; _builder_version=&#8220;4.9.3&#8243; _module_preset=&#8220;default&#8220;][et_pb_text _builder_version=&#8220;4.9.3&#8243; _module_preset=&#8220;default&#8220;]</p>
<h3><strong>FOTOGALÉRIA</strong></h3>
<p>[/et_pb_text][/et_pb_column][/et_pb_row][/et_pb_section]</p>

<p>[et_pb_section fb_built=&#8220;1&#8243; _builder_version=&#8220;4.9.3&#8243; _module_preset=&#8220;default&#8220; background_image=&#8220;http://wien-cz-sk.at/wp-content/uploads/2022/01/background.png&#8220; custom_padding=&#8220;||0px|||&#8220;][et_pb_row _builder_version=&#8220;4.9.3&#8243; _module_preset=&#8220;default&#8220; custom_padding=&#8220;0px|||||&#8220;][et_pb_column type=&#8220;4_4&#8243; _builder_version=&#8220;4.9.3&#8243; _module_preset=&#8220;default&#8220;][et_pb_text _builder_version=&#8220;4.9.3&#8243; _module_preset=&#8220;default&#8220; background_layout=&#8220;dark&#8220;] KONCERT SÓLISTŮ STÁTNÍ OPERY BANSKÁ BYSTRICA  [/et_pb_text][/et_pb_column][/et_pb_row][et_pb_row _builder_version=&#8220;4.9.3&#8243; _module_preset=&#8220;default&#8220;][et_pb_column type=&#8220;4_4&#8243; _builder_version=&#8220;4.9.3&#8243; _module_preset=&#8220;default&#8220;][et_pb_text _builder_version=&#8220;4.9.3&#8243; _module_preset=&#8220;default&#8220; background_layout=&#8220;dark&#8220;] [&hellip;]</p>
